5) to base 10
903
-10371 (base 8) to base 16
-10f9
What is 2200 (base 5) in base 12?
210
Convert -30522 (base 8) to base 13.
-5993
-203 (base 8) to base 9
-155
10110000101100 (base 2) to base 15
353d
What is ad (base 16) in base 9?
212
Convert 101001000 (base 2) to base 7.
646
What is 3031111 (base 4) in base 10?
13141
Convert 820 (base 9) to base 16.
29a
Convert 122112 (base 3) to base 6.
2105
What is -568 (base 11) in base 10?
-679
Convert -330422 (base 5) to base 7.
-45061
292a (base 16) to base 6
120442
Convert 12b5 (base 14) to base 2.
110011011111
-14004 (base 7) to base 5
-110102
-6878 (base 15) to base 5
-1202123
What is -527 (base 10) in base 8?
-1017
Convert -10025 (base 6) to base 2.
-10100100001
-20618 (base 10) to base 16
-508a
What is 2309 (base 10) in base 13?
1088
Convert -22111112 (base 3) to base 11.
-4724
-110001001100 (base 2) to base 15
-ded
Convert -1000 (base 14) to base 2.
-101010111000
What is -1524 (base 7) in base 12?
-426
What is 34101 (base 5) in base 10?
2401
What is bf (base 16) in base 8?
277
4430 (base 9) to base 8
6303
5323 (base 9) to base 7
14253
Convert -20de (base 15) to base 16.
-1b2f
Convert 13120 (base 10) to base 8.
31500
What is 738 (base 10) in base 5?
10423
-754 (base 11) to base 16
-38a
10001110011000 (base 2) to base 14
346c
-1401 (base 6) to base 7
-1024
Convert 1644 (base 9) to base 4.
103213
What is -11320 (base 5) in base 14?
-439
What is -9b11 (base 16) in base 10?
-39697
Convert 658 (base 16) to base 7.
4510
Convert -3233210 (base 5) to base 14.
-162b4
-1200212 (base 4) to base 14
-2378
Convert -12402 (base 8) to base 3.
-21101012
-121 (base 13) to base 14
-100
Convert -49c (base 16) to base 10.
-1180
-770 (base 10) to base 16
-302
40 (base 7) to base 14
20
What is 102112201 (base 3) in base 11?
6361
What is -c03 (base 16) in base 11?
-2346
What is -1120221 (base 3) in base 12?
-807
34430 (base 5) to base 7
10155
What is 1221 (base 5) in base 16?
ba
Convert 722 (base 15) to base 2.
11001000111
What is ba (base 13) in base 16?
99
1168 (base 9) to base 11
723
-30322 (base 6) to base 16
-faa
4413 (base 6) to base 9
1350
What is -1000212 (base 3) in base 9?
-1025
5128 (base 9) to base 16
ea8
Convert 1000111110 (base 2) to base 16.
23e
What is 120111 (base 3) in base 14?
21c
What is -20101 (base 3) in base 4?
-2230
Convert 18838 (base 11) to base 16.
66ba
What is -34067 (base 8) in base 7?
-56646
What is 12812 (base 10) in base 12?
74b8
What is -1355d (base 16) in base 13?
-2a081
221210 (base 5) to base 12
4540
969 (base 14) to base 4
131001
33110 (base 4) to base 14
500
What is 130122 (base 4) in base 12?
1076
Convert -ed (base 16) to base 14.
-12d
20353 (base 7) to base 14
1b63
Convert -82b (base 13) to base 8.
-2555
What is 204 (base 13) in base 16?
156
What is 22600 (base 8) in base 11?
7238
136121 (base 8) to base 3
2110010112
What is -1130013 (base 4) in base 11?
-447a
-21021 (base 3) to base 10
-196
What is 425 (base 7) in base 4?
3113
What is -255 (base 9) in base 4?
-3110
What is d3a (base 14) in base 8?
5050
101011100100 (base 2) to base 16
ae4
What is 110101010111001 (base 2) in base 7?
142440
What is 1024 (base 11) in base 16?
54d
Convert 111001110011011 (base 2) to base 9.
44533
What is -110220110 (base 3) in base 6?
-111320
Convert -487 (base 9) to base 4.
-12103
What is 2454 (base 8) in base 7?
3601
What is -2544 (base 10) in base 16?
-9f0
-190 (base 11) to base 12
-164
Convert -c5b (base 14) to base 16.
-981
Convert 2402 (base 9) to base 14.
916
What is -ec (base 16) in base 6?
-1032
What is -3804 (base 10) in base 8?
-7334
What is -332e (base 15) in base 6?
-122112
What is 1601 (base 14) in base 7?
14301
Convert 3b0f (base 16) to base 7.
62036
What is -766 (base 14) in base 13?
-886
Convert -45 (base 7) to base 3.
-1020
Convert 1732 (base 12) to base 16.
ad6
What is -5116 (base 10) in base 9?
-7014
Convert -22201201 (base 3) to base 10.
-6364
-8cb (base 16) to base 7
-6364
Convert 3233 (base 7) to base 14.
5c3
What is 24280 (base 10) in base 8?
57330
What is -51c8 (base 16) in base 13?
-96b6
5a5 (base 14) to base 16
465
1220 (base 8) to base 6
3012
What is -101 (base 8) in base 3?
-2102
What is 2907 (base 12) in base 13?
2221
1042 (base 8) to base 4
20202
What is 2503 (base 9) in base 2?
11101001010
-4684 (base 13) to base 4
-2122312
What is 42300 (base 8) in base 15?
5335
What is -3374 (base 8) in base 9?
-2406
What is -10236 (base 7) in base 3?
-10110120
Convert 23553 (base 6) to base 4.
311331
-777d (base 16) to base 11
-20a89
Convert 330 (base 12) to base 4.
13110
-1117 (base 9) to base 4
-30322
-7e9c (base 15) to base 6
-324350
What is -6117 (base 15) in base 13?
-9439
1033 (base 6) to base 8
355
What is -691 (base 12) in base 13?
-59b
Convert 44b (base 16) to base 6.
5031
Convert -1558 (base 10) to base 4.
-120112
Convert -20682 (base 10) to base 3.
-1001101000
What is 110011110 (base 2) in base 9?
510
What is 495 (base 13) in base 7?
2220
-10100101000011 (base 2) to base 13
-4a67
What is 22 (base 9) in base 5?
40
What is 10c (base 16) in base 12?
1a4
Convert 777d (base 15) to base 2.
110001011100110
Convert -135006 (base 7) to base 13.
-b934
-32854 (base 9) to base 16
-554e
Convert 24d (base 14) to base 3.
122002
Convert 1031 (base 5) to base 9.
166
Convert -2197a (base 12) to base 16.
-ae2e
Convert -111010011000010 (base 2) to base 16.
-74c2
-302 (base 6) to base 16
-6e
3123 (base 9) to base 14
b97
What is -462 (base 9) in base 13?
-233
-12013213 (base 4) to base 11
-17915
What is -32310 (base 4) in base 6?
-4220
What is 32211300 (base 4) in base 14?
17ac8
Convert -542 (base 16) to base 7.
-3632
Convert -1355 (base 6) to base 10.
-359
-2103333 (base 4) to base 10
-9471
Convert -101113 (base 7) to base 3.
-212121101
-11100011110 (base 2) to base 8
-3436
Convert -120000220 (base 3) to base 14.
-3dcb
20555 (base 10) to base 15
6155
496 (base 11) to base 15
294
-4e9 (base 16) to base 10
-1257
What is -2232 (base 9) in base 12?
-b55
What is 110000111011010 (base 2) in base 11?
17903
What is 11053 (base 6) in base 4?
120021
What is -69 (base 13) in base 15?
-5c
What is -5154 (base 9) in base 16?
-ebf
217a (base 12) to base 6
25034
Convert 15010 (base 7) to base 3.
12122201
-85c5 (base 15) to base 13
-cb69
Convert 203 (base 8) to base 3.
11212
2022212110 (base 3) to base 5
2431311
2647 (base 8) to base 12
a07
114233 (base 5) to base 15
142d
What is -36646 (base 7) in base 12?
-5671
Convert 3234 (base 6) to base 5.
10432
-2b62 (base 16) to base 6
-123230
2bbd (base 15) to base 16
24bb
What is 74a4 (base 16) in base 6?
350124
995 (base 14) to base 16
767
Convert -1a00 (base 15) to base 13.
-2739
Convert 203644 (base 7) to base 6.
425521
Convert 2541 (base 8) to base 12.
969
2a5 (base 11) to base 14
1b7
22911 (base 12) to base 10
46237
401314 (base 6) to base 9
47111
Convert 478a (base 11) to base 8.
14175
Convert -21100 (base 9) to base 13.
-6459
What is -121111 (base 3) in base 9?
-544
Convert -225 (base 10) to base 5.
-1400
What is 3136 (base 8) in base 15?
73a
-688 (base 13) to base 7
-3166
Convert -666 (base 7) to base 11.
-291
What is 120011100 (base 3) in base 9?
16140
What is -101101001 (base 2) in base 3?
-111101
3754 (base 10) to base 12
220a
Convert 4705 (base 9) to base 10.
3488
Convert 7465 (base 14) to base 5.
1120311
Convert -11011110 (base 2) to base 6.
-1010
What is 4b47 (base 13) in base 9?
15615
Convert -5317 (base 9) to base 16.
-f40
Convert 12130 (base 6) to base 13.
a71
What is 6795 (base 12) in base 11?
86a5
Convert 26005 (base 9) to base 10.
17501
Convert -3520 (base 8) to base 2.
-11101010000
Convert -79 (base 15) to base 2.
-1110010
What is -11200111 (base 3) in base 15?
-102a
What is 469 (base 14) in base 12?
611
76e (base 16) to base 8
3556
Convert 1012120 (base 3) to base 6.
4023
What is b61 (base 13) in base 2?
11110010010
-289 (base 16) to base 3
-220001
Convert 130 (base 13) to base 14.
10c
-200002 (base 4) to base 8
-4002
Convert 10010121 (base 3) to base 4.
203230
What is -10310203 (base 4) in base 12?
-b517
-184 (base 16) to base 8
-604
Convert -ce8 (base 15) to base 7.
-11336
What is 1030 (base 4) in base 2?
1001100
-47e2 (base 15) to base 10
-15287
Convert -392d (base 15) to base 10.
-12193
Convert 7473 (base 9) to base 4.
1111311
3233110 (